).
12
Let r(d) = -2*d**2 - 47*d - 82. Give r(-21).
23
Let h(n) = -5*n + 50. What is h(-1)?
55
Let u(h) = -2*h**3 - 85*h**2 + 115*h - 755. Give u(-44).
-7
Let q(y) = -5*y**3 + 30*y**2 - 29*y + 25. Determine q(6).
-149
Let z(b) = 61*b - 3434. Determine z(56).
-18
Let g(o) = 2*o**3 - 79*o**2 - 596*o + 2. Calculate g(-7).
-383
Let g(f) = -f**3 + 40*f**2 + 44*f - 196. Calculate g(41).
-73
Let x(r) = -2*r**2 - 69*r - 448. Determine x(-25).
27
Let f(l) = 21*l + 546. Give f(-26).
0
Let i(u) = 1353*u + 178. Calculate i(0).
178
Let q(h) = h**3 + 13*h**2 + 49*h + 38. Give q(-6).
-4
Let y(j) = 64*j + 79. Determine y(-3).
-113
Let h(l) = -l**3 + 21*l**2 - 113*l + 1425. What is h(19)?
0
Let w(f) = 30*f**2 + f - 2. Calculate w(1).
29
Let c(v) = -9*v**3 - 126*v**2 + v + 14. Give c(-14).
0
Let j(f) = 2*f**3 - 25*f**2 + 53*f - 14. Determine j(10).
16
Let y(p) = p**3 + 6*p**2 + 42*p + 182. Determine y(-5).
-3
Let b(q) = -q**3 + 34*q**2 - 16*q + 549. Determine b(34).
5
Let b(v) = -709*v + 128334. What is b(181)?
5
Let g(d) = -678*d - 5439. Calculate g(-8).
-15
Let c(p) = 3*p**2 - 65*p + 247. Determine c(5).
-3
Let r(w) = 276*w + 1615. What is r(-6)?
-41
Let g(j) = 8*j**2 - 42*j - 185. Determine g(-3).
13
Let k(g) = 4412*g - 35310. Give k(8).
-14
Let z(x) = -343*x - 11021. Calculate z(-32).
-45
Let u(x) = -x**2 + 24*x - 35. Determine u(25).
-60
Let w(s) = 548*s**2 - 8765*s - 66. Calculate w(16).
-18
Let d(v) = v**3 + 32*v**2 + 227*v + 67. Calculate d(-10).
-3
Let u(q) = -q**2 - 47*q - 297. Give u(-7).
-17
Let w(z) = -z**3 - 126*z**2 + 225*z - 3964. Give w(-128).
4
Let l(z) = -30*z**2 + 807*z + 91. Give l(27).
10
Let j(i) = -2*i**2 + 14*i + 8. Give j(8).
-8
Let m(t) = 30*t**2 + 15*t - 13. Calculate m(1).
32
Let n(b) = -2*b**2 + 7*b - 9. What is n(-8)?
-193
Let o(q) = q - 54. Calculate o(-10).
-64
Let v(j) = -3*j**2 + 42*j - 29. Calculate v(13).
10
Let z(v) = 4*v**2 + 666*v - 14500. Determine z(-186).
8
Let y(b) = 10*b**2 - 19*b - 53. What is y(-4)?
183
Let l(j) = -2*j**2 - 18*j + 107. What is l(0)?
107
Let s(c) = -c**2 + 29*c + 19. Determine s(30).
-11
Let k(a) = 35*a + 2668. Give k(-69).
253
Let k(u) = 3*u**2 + 67*u + 240. Calculate k(-4).
20
Let p(j) = 245*j + 8092. Give p(-33).
7
Let j(f) = -f**3 - 59*f**2 - 144*f + 1353. Determine j(-56).
9
Let o(u) = 2884*u - 17307. Give o(6).
-3
Let a(l) = l**2 - 73*l - 787. Calculate a(82).
-49
Let i(l) = 9*l**3 - 89*l**2 - 9*l - 46. Determine i(10).
-36
Let y(x) = -12*x**2 + 53. What is y(-6)?
-379
Let s(h) = h**3 + 38*h**2 + 307*h - 49. Determine s(-26).
81
Let c(u) = -2*u**2 - 271*u - 651. Calculate c(-133).
14
Let x(y) = y**3 - 87*y**2 - 142*y + 4757. Give x(88).
5
Let z(b) = -2954*b + 97487. Give z(33).
5
Let q(k) = -k**2 + 12*k + 19. What is q(13)?
6
Let j(i) = -i**3 + 2*i**2 + 58*i - 208. Give j(6).
-4
Let h(p) = -2*p + 166. Determine h(-1).
168
Let i(s) = 9*s**2 - 81*s - 5. Determine i(8).
-77
Let d(y) = 201*y**3 + 3*y**2 + 5*y + 4. Give d(-1).
-199
Let n(y) = y**2 + 10*y - 335. Give n(-24).
1
Let q(n) = -n**2 - 22*n + 147. What is q(6)?
-21
Let z(t) = 3*t**3 - 54*t**2 + 52*t - 42. Give z(17).
-25
Let y(m) = -2*m - 19. Calculate y(0).
-19
Let r(a) = 46*a + 2713. Give r(-59).
-1
Let o(x) = x**3 + 52*x**2 + 156*x + 432. Calculate o(-49).
-9
Let q(m) = 2*m**3 - 30*m**2 - 77*m + 159. What is q(17)?
6
Let l(q) = -2*q**2 - 37*q + 26. Give l(-16).
106
Let b(p) = -69*p**2 + 286*p - 47. What is b(4)?
-7
Let j(b) = -b**2 + 243*b + 3334. Give j(256).
6
Let v(i) = i**3 - 18*i**2 - 4*i - 27. Calculate v(18).
-99
Let p(n) = n**3 + 25*n**2 - 55*n - 1389. Give p(-25).
-14
Let k(l) = -l**3 + 10*l**2 + 11*l - 43. Calculate k(11).
-43
Let u(c) = -3*c**3 + 48*c**2 + c - 23. Give u(16).
-7
Let k(p) = 33*p - 1029. What is k(33)?
60
Let w(a) = 46*a**3 - 233*a**2 + 18*a - 12. Determine w(5).
3
Let j(u) = 1200*u + 7193. Calculate j(-6).
-7
Let g(w) = 9*w**3 - 3*w**2 + 235*w - 233. What is g(1)?
8
Let o(d) = 10*d**2 + 19*d - 7315. Determine o(-28).
-7
Let a(o) = 872*o + 13944. Determine a(-16).
-8
Let j(r) = -11*r - 429. Give j(-40).
11
Let l(g) = 10*g**2 - 157*g + 6. Calculate l(16).
54
Let u(k) = 2*k**2 - 60*k + 408. Calculate u(20).
8
Let q(n) = n**3 + 7*n**2 + 8*n. Give q(-7).
-56
Let q(l) = 2*l**3 + 2*l**2 - 7*l + 11. Give q(2).
21
Let l(i) = -24*i + 92. Determine l(2).
44
Let n(w) = -w**2 - 38*w + 228. Give n(-44).
-36
Let k(m) = 75*m**2 + 8*m - 6. Determine k(1).
77
Let h(l) = -2*l**2 - 149*l + 619. Calculate h(4).
-9
Let b(m) = -335*m - 1000. What is b(-3)?
5
Let r(y) = -58*y - 336. Give r(-6).
12
Let d(v) = -3*v**2 - 519*v - 2040. Calculate d(-169).
-12
Let u(b) = -b**3 + 14*b**2 - 22*b - 35. What is u(12)?
-11
Let b(r) = r**3 - 11*r**2 + 94*r - 390. Give b(6).
-6
Let n(t) = -t**3 + 55*t**2 - 226*t - 1208. Give n(50).
-8
Let v(i) = -13*i + 104. Calculate v(12).
-52
Let k(z) = -3252*z - 9729. Determine k(-3).
27
Let i(n) = -49*n**2 + 35*n - 36. Determine i(1).
-50
Let b(i) = -2*i**3 - 80*i**2 - 158*i - 3. What is b(-2)?
9
Let j(v) = v**3 - 7*v**2 + 14*v - 18. Determine j(9).
270
Let c(a) = -1156*a + 3489. Determine c(3).
21
Let o(z) = 2*z**3 + 24*z**2 + 9*z + 38. What is o(-12)?
-70
Let d(f) = -45*f - 23. Give d(4).
-203
Let r(b) = b**3 + 3*b. Calculate r(-2).
-14
Let n(g) = 2*g**3 - 10*g**2 + 10*g + 4. Determine n(6).
136
Let i(h) = -h**3 - 23*h**2 + 19*h - 17. Calculate i(-24).
103
Let u(x) = -x**3 - 176*x**2 - 4828*x + 4. What is u(-142)?
4
Let c(v) = -39*v - 432. Give c(-10).
-42
Let z(d) = d**3 - 9*d - 4. What is z(9)?
644
Let c(r) = 42*r + 28. Calculate c(-4).
-140
Let y(w) = -16*w + 993. Determine y(63).
-15
Let y(t) = -587*t - 1763. Determine y(-3).
-2
Let t(p) = 5*p**2 - 110*p + 441. Give t(4).
81
Let f(t) = -2*t**3 - 52*t**2 + 47*t - 144. Give f(-27).
45
Let w(o) = o**3 + 15*o**2 - 13*o - 26. Give w(-15).
169
Let n(l) = -2*l**3 + 7*l**2 - 49*l + 84. Give n(2).
-2
Let q(v) = -7*v**3 - 744*v**2 - 214*v - 203. What is q(-106)?
9
Let z(t) = -t**3 + 32*t**2 + 70*t - 68. Give z(34).
0
Let m(p) = 77*p + 2236. What is m(-29)?
3
Let l(m) = -22*m**2 - 2686*m - 242. What is l(-122)?
2
Let k(u) = 3*u**2 - 145*u + 986. Give k(8).
18
Let m(s) = 3*s**3 - s**2 + s - 2. What is m(-3)?
-95
Let q(s) = -4*s**3 + 27*s**2 - s - 16. What is q(6)?
86
Let x(u) = -311*u + 903. Determine x(3).
-30
Let s(r) = -r**2 + 10*r - 296. Give s(-13).
-595
Let h(b) = -2682*b - 80492. Determine h(-30).
-32
Let q(u) = -3*u + 105. Determine q(19).
48
Let a(w) = w**2 + 38047*w + 5. Determine a(0).
5
Let q(a) = a**2 + 180*a + 4844. Give q(-33).
-7
Let x(v) = 4*v**2 - 23*v - 107. Calculate x(9).
10
Let l(w) = w**2 - 786*w + 26988. Give l(36).
-12
Let l(n) = 4*n - 85. What is l(18)?
-13
Let w(t) = -3*t**2 + 4*t + 128. Determine w(9).
-79
Let r(z) = 46*z**3 - 3*z**2 - z - 1. Give r(2).
353
Let i(p) = 4*p**2 + 127*p - 1018. Give i(-37).
-241
Let p(c) = -1010*c - 67660. Calculate p(-67).
10
Let b(x) = -2*x**2 - 13*x + 232. Give b(16).
-488
Let r(c) = -6*c**2 - 10*c + 105. What is r(-5)?
5
Let o(v) = 124*v**2 - 142*v + 141. Give o(1).
123
Let w(t) = t**3 - 19*t**2 + 47*t + 19. Give w(16).
3
Let r(w) = 2*w**2 + 77*w + 1295. Determine r(-18).
557
Let z(b) = 58*b - 3244. Determine z(55).
-54
Let u(j) = 251*j + 1273. Give u(-5).
18
Let i(c) = -240*c**2 + 102*c. Determine i(1).
-138
Let d(x) = -x**3 - 34*x**2 + 31*x - 32. Give d(-35).
108
Let q(x) = 60*x + 3082. What is q(-52)?
-38
Let k(g) = -200*g + 1054. What is k(6)?
-146
Let v(o) = -66*o - 380. Determine v(-4).
-116
Let n(p) = -9*p**3 + 7*p**2 - 2*p - 4. Give n(2).
-52
Let k(y) = 4*y**2 - 192*y + 181. Calculate k(47).
-7
Let h(j) = -2396*j - 134179. What is h(-56)?
-3
Let z(i) = 2*i**2 - 242*i + 249. Determine z(120).
9
Let o(d) = -40*d**2 - 4*d. What is o(1)?
-44
Let f(k) = 108*k**2 + 328*k - 6. Give f(-3).
-18
Let v(g) = 16*g - 244. What is v(14)?
-20
Let v(n) = 64*n**2 - 264*n - 3. What is v(6)?
717
Let t(z) = 12*z + 786. Give t(-65).
6
Let d(t) = -177*t + 1061. Calculate d(6).
-1
Let f(s) = -3*s**3 + 26*s**2 - 19*s + 12. Determine f(8).
-12
Let t(q) = q**2 + 64*q + 360. Determine t(-58).
12
Let p(k) = -k**3 - 3*k**2 - 256*k - 1618. Give p(-6).
26
Let o(h) = -2*h**3 + 40*h**2 - 38*h + 3. Determine o(19).
3
Let u(z) = z**2 - 19*z - 1238. Determine u(-27).
4
Let f(o) = -23*o**2 + 257*o - 231. Calculate f(11).
-187
Le